1*u - 38. What are the prime factors of f(-19)?
2, 5, 19
Let q(a) be the first derivative of a**4/4 - 5*a**3 - 15*a**2/2 - 23*a + 2. Let x be q(16). Let h = 4 - x. List the prime factors of h.
11
Let p = 26 - -506. List the prime factors of (p/(-8))/(3/(-6)).
7, 19
Let m(x) = -3*x + 6. Let q be m(-3). Suppose -25 = -5*k + q. List the prime factors of k/6 + (-1441)/(-33).
3, 5
Suppose -22762 + 3946 = -14*w. List the prime factors of w.
2, 3, 7
Suppose 6*a = 3*a. Suppose 2*j - 52 = -4*i, 0*j = 4*i + j - 56. Let f = i - a. List the prime factors of f.
3, 5
Let q(h) = 20*h - 6. Let b be q(-6). Let a = b - -74. List the prime factors of (-3)/(-4) + (-2561)/a.
2, 5
Let u(b) = 3 - 7*b + 0*b**3 + b**2 - b**3 + 9*b**2 - 11. Let h(q) = 2*q**2 - q - 2. Let k be h(-2). List the prime factors of u(k).
2
Let p = 116 + 253. Suppose p - 69 = 6*x. Suppose a = -a + x. List the prime factors of a.
5
Suppose -7*o + 13*o = 396. Let a = -34 + -6. Let d = o + a. What are the prime factors of d?
2, 13
Let j(r) = 2*r**2 - 15*r - 1. Let f be j(7). What are the prime factors of f/(-2) + -4 - -114?
2, 3, 19
Let r = 10019 + -6827. List the prime factors of r.
2, 3, 7, 19
Let c(i) = -i**2 + 8*i + 14. Let o(a) = -a**2 + 8*a + 14. Let m(k) = -4*c(k) + 3*o(k). List the prime factors of m(-9).
139
Suppose -2*a = 3*a - 15, -5*r + a + 107 = 0. Let n be (-9)/(-2)*r/33. Suppose g = -n*g + 64. What are the prime factors of g?
2
Let d be (2 + 4)/3 + (-2 - -3). Suppose 0 = 5*m - d*m - 4, -3*s - m = -392. List the prime factors of s.
2, 5, 13
Let c(p) = -3*p + 18. Let b be c(5). Suppose -v + 2*o = -0*v - 117, b*o = -3*v + 333. What are the prime factors of v?
113
Let t = -3146 - -4884. List the prime factors of t.
2, 11, 79
Let x(i) = -6 - 11*i**2 + i**3 - 3*i - 3*i + i. What are the prime factors of x(12)?
2, 3, 13
Let o be 2/(-3)*-12*(-4)/8. List the prime factors of 11960/182 - o/14.
2, 3, 11
Let q = -869 - -1161. List the prime factors of q.
2, 73
Let l be ((-5)/10)/(4/(-424)). List the prime factors of l*(0 + (-1)/(-1)).
53
Suppose 4*i + k = 7*i - 2554, 4*i - 3*k = 3397. List the prime factors of i.
853
Suppose 0*x + 10 = -2*x. Let v = x + 33. What are the prime factors of v?
2, 7
Suppose -8*n + 35 = -37. What are the prime factors of n?
3
Suppose 13 = 16*h - 15*h. Suppose 3*g + 4*p = 17, 0*p = -2*g + 3*p - 17. Let n = h - g. What are the prime factors of n?
2, 7
Let u = 108 - 108. List the prime factors of (-1 + u)/(-3)*(2 + 220).
2, 37
Suppose -4*a = -22 + 6. Suppose -3 + 579 = a*s. What are the prime factors of s?
2, 3
Let a be ((-9)/(-6))/((-18)/(-4) - 4). Suppose 0 = 5*t - p - 90 - 97, -t + 47 = a*p. What are the prime factors of t?
2, 19
Suppose 4*a + 0*v = -2*v + 2550, -2 = 2*v. What are the prime factors of a?
2, 11, 29
Suppose -2*h - 1180 = -6*h + 2*z, -4*z = -4*h + 1188. Suppose -h - 373 = -6*q. List the prime factors of q.
3, 37
Let n(c) = c**2 - 12*c - 19. Let m(i) = i**2 - 11*i - 19. Let l(p) = 4*m(p) - 5*n(p). List the prime factors of l(14).
47
Suppose 520 = 9*r - 4*r. Let p = 57 + r. What are the prime factors of p?
7, 23
Let w(a) = -14*a + 1. Let q(l) = -5*l. Let h(v) = -8*q(v) + 3*w(v). Let s = -22 + 6. List the prime factors of h(s).
5, 7
Suppose -2*b - h = -2588, 0 = 7*b - 2*b - 5*h - 6440. List the prime factors of b.
2, 17, 19
Suppose -77*u + 75*u + 1558 = 0. List the prime factors of u.
19, 41
Let g be 5/((-5)/2) - -6. Let r be -3 - (-2 - (1 + g)). Suppose 0 = r*q - 68 - 16. What are the prime factors of q?
3, 7
Let x(g) = 43*g - 44*g - 35 + 91. What are the prime factors of x(0)?
2, 7
Let k be (-6 - -8) + 1 + -2. Suppose q - 3 = 2*q. List the prime factors of k + 4 + -2 - q.
2, 3
Suppose -6*m - 22 + 70 = 0. Suppose 2*z = m*z - 150. List the prime factors of z.
5
Let q be (-12)/(-3)*20/16. Suppose 0 = q*i + 4*l - 42, 27 = i + 5*l + 6. Let x(j) = j**2 - 5*j + 3. List the prime factors of x(i).
3
Let h = 10 - 2. Let r = 9 - h. List the prime factors of 29*r*(-8)/(-8).
29
Let c = 1056 + -375. List the prime factors of c.
3, 227
Suppose 288 = -2*q - 170. Let g = -134 - q. What are the prime factors of g?
5, 19
Suppose -s + 2394 = 2*q + 4*s, 0 = -s. What are the prime factors of q?
3, 7, 19
Suppose -g - 1830 = -3*k, -4*g = -5*k + 911 + 2146. What are the prime factors of k?
3, 7, 29
Let h(q) = 14*q**2 - 2*q + 3. Let z be h(4). Suppose 6*w + z = 1047. What are the prime factors of w?
2, 3, 23
Let z = -710 + 3258. What are the prime factors of z?
2, 7, 13
Let g = -9 + -34. Let c = 86 + g. List the prime factors of c.
43
Let n = -1492 + 2365. What are the prime factors of n?
3, 97
Let w = 23 - 27. Let i be (-2 - (24 + -4))*w. Suppose 0 = l + 4*l - 2*x - 96, -4*l = 4*x - i. What are the prime factors of l?
2, 5
Suppose -2*c + 1072 = -2*b, -b + 2119 = 4*c - 0*b. What are the prime factors of c?
3, 59
List the prime factors of 26780/9 - (66/(-27) + 2).
2, 3, 31
Suppose -2*g = 3*s - 3154, -5*g - 1077 = 3*s - 8971. List the prime factors of g.
2, 5, 79
Let a be 3*(2/(-3))/(-2). Let w = a - -2. Suppose w*b = 5*o - 57 + 7, 5*o - 50 = -5*b. What are the prime factors of o?
2, 5
List the prime factors of (872/(-44) - -20) + 46506/11.
2, 7, 151
Let w(m) = m**3 - 24*m**2 + 22*m + 29. Let a be w(23). List the prime factors of (-160)/(-12)*a/2.
2, 5
Suppose -7*q = -2*h - 2*q + 7851, 0 = -6*h - 3*q + 23499. List the prime factors of h.
2, 3, 653
Let a = -3003 - -4805. What are the prime factors of a?
2, 17, 53
Let k be 4170/20*(-4)/(-3). Let s = k - 180. Suppose 0 = -5*v + f + s, 4*v - 36 = 3*f + 49. What are the prime factors of v?
19
Suppose 0 = v + 2*d - 15 - 10, -90 = -4*v - 3*d. Let m = v + -12. List the prime factors of 582/14 + m/21.
2, 3, 7
Suppose -2954*w + 2964*w - 31710 = 0. What are the prime factors of w?
3, 7, 151
Let z(o) = 50 - o**3 + 3*o - 11*o**2 - 18*o - 74. What are the prime factors of z(-10)?
2, 13
Let z(l) = l**2 - 13*l + 131. List the prime factors of z(12).
7, 17
Suppose 8*g + 240 = 3*g. What are the prime factors of 6080/g*(-3)/2?
2, 5, 19
Suppose w = 8*r - 3*r - 13, w + 2*r = 8. Suppose 4*p = w*p. Suppose p = -2*a + a - 2*y + 17, -2*y + 8 = 0. List the prime factors of a.
3
Suppose -375 = -4*u - 59. Suppose -3*c + u = -128. List the prime factors of c.
3, 23
Let a be (-4 + 2)/(4/(-18)). Let i(b) = 1 + a*b + 11*b - 4*b. List the prime factors of i(1).
17
Let u = 129 + -44. What are the prime factors of u?
5, 17
Let q(r) = 169*r - 48. What are the prime factors of q(4)?
2, 157
Suppose 8 = v + 3*v. Let u = 5 + v. What are the prime factors of u?
7
Let g(d) = -2*d - 20. Let k be g(-11). Suppose -k*s = 7 + 5. Let t(o) = -3*o - 11. List the prime factors of t(s).
7
Let q(n) = -n**3 + n**2 + n + 18. Let d = -24 + 24. Let z be q(d). Suppose -48 = -p + z. What are the prime factors of p?
2, 3, 11
Suppose 0 = -12*j + 4*j - 32. What are the prime factors of (-1 + -103)/j*52/8?
13
Let c be (-10)/15 - 172/(-6). Let a = c + 1. What are the prime factors of a?
29
Let j(v) = -v. Let s be j(-2). Let y(n) = -21*n**2 + 20*n**2 + 3 + 5*n + s - 3. What are the prime factors of y(5)?
2
Let k(f) = -6*f. Let w(a) = -11*a. Let p(j) = -7*k(j) + 4*w(j). Let y be p(-3). Let r(v) = v**2 - 7*v + 9. List the prime factors of r(y).
3
Let v(r) = 6*r + 21. Let h be v(-4). Let w(f) = -33*f - 9. List the prime factors of w(h).
2, 3, 5
Suppose t + 4 = -t, -4*w = 2*t - 4. Let d(i) = 13*i + 4. Let f(u) = 20*u + 6. Let r(k) = -7*d(k) + 5*f(k). List the prime factors of r(w).
2, 5
Suppose 0 = k - b - 5958, 9*k + 17878 = 12*k - 2*b. What are the prime factors of k?
2, 11, 271
Let r(j) = -j**3 - 62*j + 15*j**2 + 28*j + 7 + 22*j. What are the prime factors of r(14)?
5, 7
Let f = -416 - -710. What are the prime factors of f?
2, 3, 7
Let u be (4/(-26))/(-1) - 960/(-13). Let g = 177 - u. List the prime factors of g.
103
Let x(q) = 10*q**3 - 4*q**2 - 6*q + 1. Let r be x(4). Suppose -126 = 7*v - r. Suppose -3*y - v = -193. List the prime factors of y.
2, 11
Suppose 0*h = -h + 11. Let q = -2 + h. List the prime factors of q.
3
Let w(i) = 886*i**2 + 22*i - 21. List the prime factors of w(1).
887
Let d(t) = -t**2 + 25*t - 124. What are the prime factors of d(18)?
2
Let l(u) = -5*u**2 + u + 8. Let v(t) = 4*t**2 - t - 7. Suppose 4*c - 15 = -c. Let g(n) = c*l(n) + 4*v(n). List the prime factors of g(-